0
In base 3, what is -120222010222222 - -20?
-120222010222202
In base 9, what is -2742247 + -206?
-2742454
In base 13, what is -3 + -a29a60?
-a29a63
In base 10, what is 61644 - -429?
62073
In base 9, what is -18362 + -81178?
-110551
In base 16, what is 84dce - -2?
84dd0
In base 8, what is 20076236 + 0?
20076236
In base 8, what is 15 - -124272?
124307
In base 15, what is 0 - -80e6853?
80e6853
In base 9, what is -24 - -605741?
605716
In base 4, what is -132323 - 1220031?
-2013020
In base 5, what is -113 - -202144230?
202144112
In base 11, what is 12 - -119a74?
119a86
In base 6, what is -303022 + 545?
-302033
In base 5, what is -204343 + 102313?
-102030
In base 3, what is 21 - 22012222012?
-22012221221
In base 13, what is 6897a1 - -75?
689846
In base 11, what is -3119302 + 29?
-3119284
In base 10, what is 19177441 + 4?
19177445
In base 7, what is 10320 + -1065?
6222
In base 10, what is 151416 + 2058?
153474
In base 16, what is -1e85ccd0 + -4?
-1e85ccd4
In base 5, what is 24233334443 - 10?
24233334433
In base 6, what is 2211330530 + -4?
2211330522
In base 12, what is 67409 + -871?
66758
In base 13, what is 4 + 2448b52?
2448b56
In base 14, what is 2c + -155958?
-15592a
In base 11, what is 8893675 - -1?
8893676
In base 7, what is 1126031 - 62?
1125636
In base 9, what is -17 - -1151511?
1151483
In base 3, what is 122001 + -1112011011012?
-1112010112011
In base 15, what is -11a23 - -1600?
-10423
In base 7, what is -1215205 - 1163?
-1216401
In base 10, what is 7057 - 12109?
-5052
In base 12, what is 118a7 + -bb?
117a8
In base 4, what is 20102020031 + -20?
20102020011
In base 4, what is 102131312011 - 32?
102131311313
In base 5, what is 4243 - -3422333?
3432131
In base 5, what is 1023342 - -3203?
1032100
In base 10, what is -2394515 - 5?
-2394520
In base 4, what is -11 + -202220221010?
-202220221021
In base 10, what is -6525 + 6975?
450
In base 8, what is -6741435667 - -3?
-6741435664
In base 6, what is 1411250 - 10?
1411240
In base 15, what is 22 + 10910?
10932
In base 16, what is -26f89f0 - -7?
-26f89e9
In base 9, what is 254805 - 278?
254516
In base 7, what is 4550 + 1654251?
1662131
In base 9, what is -4 - -1712628?
1712624
In base 5, what is -3 - -20440211?
20440203
In base 3, what is 122110000102 - -202?
122110001011
In base 7, what is -4543 - -42550?
35004
In base 6, what is -202311352 + -5?
-202311401
In base 12, what is 16 - -25767b?
257695
In base 11, what is -36a - 704a?
-7409
In base 5, what is 1332 + 111033411?
111040243
In base 7, what is 25461305 + -24?
25461251
In base 10, what is 45071 + -427?
44644
In base 13, what is 3 + cb1616b?
cb16171
In base 7, what is -4311 - 12064?
-16405
In base 12, what is 3 - -b782a1?
b782a4
In base 4, what is 1201130220210 + 12?
1201130220222
In base 7, what is -2362 + 1111103?
1105411
In base 2, what is -10011011111110 + -1001001010100010?
-1011100110100000
In base 7, what is 1043 - 41625?
-40552
In base 14, what is 0 - 5234b6?
-5234b6
In base 15, what is -817 + 316b5?
30d9d
In base 8, what is -4 + 43600166?
43600162
In base 4, what is 10103023101201 - 1?
10103023101200
In base 9, what is 65340673 - 2?
65340671
In base 5, what is 20142422330 + 4?
20142422334
In base 12, what is -37589 + -5?
-37592
In base 11, what is -25194948 - 16?
-25194963
In base 4, what is -12 - 1010113231?
-1010113303
In base 15, what is 89 + 2e6d07?
2e6d91
In base 15, what is 78 + -2e3c?
-2db4
In base 5, what is -1 - 43242424030?
-43242424031
In base 2, what is -10000100001010 + 111011100001?
-1001000101001
In base 5, what is -43413241120 + 0?
-43413241120
In base 12, what is -a0b11 + -57b?
-a1490
In base 2, what is 10000 + 100010101011100010?
100010101011110010
In base 13, what is -79b - -2038?
156a
In base 2, what is -101001110 + 10001000110010100001100?
10001000110001110111110
In base 13, what is 9 + 1b43ac?
1b43b8
In base 7, what is -1041451 + -36233?
-1111014
In base 5, what is -4 - 1130043410?
-1130043414
In base 6, what is 0 - 13053225225?
-13053225225
In base 14, what is -225146ad + -2?
-225146b1
In base 14, what is 2a + 50ac05?
50ac31
In base 7, what is -2634644 - -154?
-2634460
In base 12, what is -13b2976a1 - 1?
-13b2976a2
In base 2, what is -10101101111 + -10011000000100000?
-10011010110001111
In base 3, what is 1100 - 20200120121?
-20200112021
In base 5, what is 102200414 - 14121?
102131243
In base 12, what is -5 + -2243207?
-2243210
In base 4, what is -3 - -10032103330121?
10032103330112
In base 11, what is 978 - 94a9?
-8631
In base 9, what is -148450 + 1234?
-147215
In base 7, what is -1443065013 + -2?
-1443065015
In base 15, what is 3 + 49d32?
49d35
In base 13, what is -acba - -3b5c?
-715b
In base 10, what is -113 - -70069?
69956
In base 10, what is 11 - -27235674?
27235685
In base 5, what is -103433400400 + -2?
-103433400402
In base 14, what is 2 - 2339180?
-233917c
In base 14, what is 4 + 9a8135?
9a8139
In base 12, what is 108115 - 363?
107972
In base 13, what is -8 - -1a7c479?
1a7c471
In base 16, what is 2 - 1dc72d4?
-1dc72d2
In base 14, what is 544daa9 - 14?
544da95
In base 3, what is 2212221211 - -221200?
2220220111
In base 5, what is 2 + 1113334100?
1113334102
In base 13, what is -5 - -7a3862?
7a385a
In base 2, what is -1 - 11000110010100101101100100?
-11000110010100101101100101
In base 10, what is 742554 - -14?
742568
In base 13, what is 44c312 + 4?
44c316
In base 5, what is 13201100 - 13144?
13132401
In base 9, what is 1513 - -6414?
8027
In base 7, what is 64011553 - 11?
64011542
In base 6, what is -1 + -143221000?
-143221001
In base 2, what is 11010111000 - 10111111101110?
-10100100110110
In base 6, what is 34 - 23032154?
-23032120
In base 4, what is 1022103203313 + -1?
1022103203312
In base 7, what is 42035016 - -1?
42035020
In base 10, what is 70495057 - 3?
70495054
In base 7, what is -2 - 64601415?
-64601420
In base 16, what is 693 + -1f9bc?
-1f329
In base 7, what is 42445524 - -1?
42445525
In base 13, what is 0 + -1609bcb?
-1609bcb
In base 6, what is 20345045 - 1314?
20343331
In base 16, what is -8 + b2e2b?
b2e23
In base 16, what is fba610 + -1?
fba60f
In base 13, what is -125b18 - 223?
-12603b
In base 16, what is -220 + 1561e6?
155fc6
In base 16, what is 7c1f + -dc?
7b43
In base 3, what is 20112 + 112121212102?
112122002221
In base 8, what is 3740745 + 240?
3741205
In base 6, what is 12001 - -105205?
121210
In base 10, what is -300017 + 571?
-299446
In base 14, what is 49b69876 - 5?
49b69871
In base 6, what is -2113255431 + -145?
-2113300020
In base 16, what is -2d - -570c?
56df
In base 15, what is -393 + 0?
-393
In base 4, what is 31 + -2001010232?
-2001010201
In base 6, what is -1012003 + 1222?
-1010341
In base 8, what is 23717673 - 2?
23717671
In base 12, what is 120b2242 - -6?
120b2248
In base 16, what is 743b + 102?
753d
In base 7, what is -114355 - 23200?
-140555
In base 10, what is 78705 - -13?
78718
In base 8, what is -43 - 2044040?
-2044103
In base 3, what is -112100210201022 + -202?
-112100210202001
In base 14, what is -14bd693 + -5?
-14bd698
In base 11, what is 231465 - 2993?
229582
In base 7, what is 16566136 + -11?
16566125
In base 14, what is 2 - 2d6986?
-2d6984
In base 16, what is -2b0c + -47b?
-2f87
In base 11, what is -3001 + 5344?
2343
In base 3, what is -1002210 - 120012?
-1122222
In base 2, what is 10011 - -1010000001100011101100000?
1010000001100011101110011
In base 3, what is -1100122201120100 + -10?
-1100122201120110
In base 4, what is 2132201013000 - -21?
2132201013021
In base 9, what is -14 - -571325?
571311
In base 3, what is -1 - 11010101221212200?
-11010101221212201
In base 2, what is -1100110111010011111100010110 + -10?
-1100110111010011111100011000
In base 2, what is 10110110011000001100101 - 110?
10110110011000001011111
In base 12, what is 20 - -331635?
331655
In base 6, what is -3 - -32404543?
32404540
In base 2, what is -100000000001010100011101 - 101010?
-100000000001010101000111
In base 7, what is -234 + 13202234?
13202000
In base 9, what is -3152368 + -18?
-3152387
In base 16, what is 0 + 3f4a99a?
3f4a99a
In base 11, what is -23 + -59889?
-59901
In base 11, what is 14148851 + -5?
14148847
In base 14, what is 1466036c + 2?
14660370
In base 6, what is 23343454552 + -1?
23343454551
In base 8, what is -724 - -53454?
52530
In base 11, what is 224 - 3a38?
-3814
In base 